145. Suppose 0 = 5*y - 110 + v. What is the units digit of y?
4
Let n(x) = -x**2 + 8*x - 4. Let p be n(6). Suppose -p*o + 14*o = 738. What is the tens digit of o?
2
Suppose 0*v + 685 = 2*s + 5*v, 350 = s + 4*v. What is the hundreds digit of s?
3
Let k(f) = -f + 5. Let g be k(4). Suppose n - 3*r = -g + 9, 4*n + r = 71. What is the units digit of n?
7
Suppose -2*a = -a - 249. Let d = 497 - a. What is the units digit of d?
8
Let f = 183 + -334. Let w = f + 387. What is the hundreds digit of w?
2
Let v(j) = -25*j - 45. Suppose -7*o + 3 = 52. What is the tens digit of v(o)?
3
Let f be 3 + 4 + (-13 + 4)/3. Suppose -3*m = 4*l - 235, 227 = f*l - m - 4*m. What is the units digit of l?
8
Suppose 3*g = 28 - 46. What is the units digit of (-10)/(-15)*(-891)/g?
9
Let d(k) = 13*k**2 + 14*k + 2. What is the units digit of d(4)?
6
Suppose -50 = -3*d + 13. What is the tens digit of (-159)/(-5 + d/6)?
0
Suppose n = 2*n. Suppose 4*m = y - 0 + 9, n = 2*m + 5*y - 21. Suppose 0 = -m*h + h + 32. What is the tens digit of h?
1
Let w = 207 - 145. What is the units digit of 2*(9/12 + w/8)?
7
Suppose 4*n + 26 = 10, 3*n = -3*d + 1074. What is the hundreds digit of d?
3
What is the thousands digit of (-2)/(-18) - (29535/(-27) - 7)?
1
Let m = -2 + 5. Suppose -3*y = -m*p - 3, -y - 4*p + 19 = p. Suppose 4*c - 5*h = 9, 2*h = y*c - 0 - 6. What is the units digit of c?
1
Suppose 0 = -5*m + 3*o + 14475, 0 = -50*o + 48*o - 10. What is the units digit of m?
2
Suppose 5*y - t = 4*t + 35, 3*y - 25 = 4*t. What is the units digit of (174/4)/(y/4)?
8
Let y be -24*((-3)/(-12) + -2). Let m = 66 + y. Suppose -2*b + 5*b = m. What is the tens digit of b?
3
Let z be 3 + (7 - -1) + -1. Let w be (3 + z/(-3))*-6. Suppose -2*m + 45 = w*v - m, 2*m = -3*v + 66. What is the tens digit of v?
2
Let j = 4586 - 2581. What is the tens digit of j?
0
Let l(g) = -g**3 - 31*g**2 - 65*g - 98. Let y be l(-29). Let d = -1 + 1. Suppose d = 6*z - y - 39. What is the units digit of z?
4
Suppose 2 = -5*j - 3, -j = 4*w - 19. Suppose -3*k = -12, -w*r + 7*k - 4*k + 448 = 0. What is the units digit of r?
2
What is the tens digit of (9 + 1)*(122 + -13)?
9
Let f be (-30)/(-4)*216/(-15). Let t = -70 - f. What is the units digit of t?
8
Suppose 0 = -2*z - 5429 - 3991. Let t be 16/(-28) + z/(-35). Let p = t + -86. What is the units digit of p?
8
Suppose g + 6*g - 28 = 0. Suppose 3*o + 53 = m, 2*m - 118 = -o + g*o. What is the tens digit of m?
6
Let x(z) = z**2 + 8*z - 7. Suppose 0 = 3*w - w - 10. Let j be x(w). Suppose 0 = l - j + 5. What is the units digit of l?
3
Let z be 20/5 - 4*-1. What is the tens digit of -18*4/z*-9?
8
Let f(p) = -p**3 - 12*p**2 + 12*p + 22. What is the tens digit of f(-14)?
4
Suppose 74*m - 12 = 77*m. What is the hundreds digit of 5 + 12/m - -219?
2
What is the tens digit of (-6)/9 - (-3084)/9?
4
Suppose 19 = -9*c + 1. What is the tens digit of (-3 - c) + 2 + 32?
3
Let p(m) = -55*m - 695. What is the hundreds digit of p(-51)?
1
What is the units digit of 2084/(-14)*(-9)/((-27)/(-84))?
8
Suppose 38*q + 210 = 48*q. What is the tens digit of q?
2
Let b(j) = -j**3 - 12*j**2 - 28*j + 9. Let o be b(-9). Suppose 4224 = 30*r - o*r. What is the tens digit of r?
5
Let c(p) = 39*p. Let m be c(-3). Let u = 201 + m. What is the tens digit of u?
8
Suppose -2740 + 2155 = -x. What is the hundreds digit of x?
5
Let s(l) = 5*l. Let c(h) = 4*h - 4. Let u be c(5). Suppose -4 = -2*x + 2, 4*x - u = -b. What is the tens digit of s(b)?
2
Suppose 0 = -7*s + 392 + 161. What is the tens digit of s?
7
Let m(y) = y**3 - 7*y**2 + 6*y + 4. Let d be ((-12)/10)/((-2)/10). Let k be 40/d - (-4)/(-6). What is the units digit of m(k)?
4
What is the hundreds digit of (6 + 40*876/(-6))/(-2)?
9
Suppose 3*c - 14 = l, -3*c + 7*l + 34 = 2*l. What is the units digit of (19 + -2 + c)*1?
0
Suppose -2*y + 1032 = 4*c, c + 76 = -y + 336. Suppose -c = 5*j - 76. What is the units digit of ((-4)/(-8))/((-2)/j)?
9
Let j be ((-2)/(-4))/1*26. Let r be (13 - j) + 68/2. Suppose -15*v = -17*v + r. What is the units digit of v?
7
Let y(m) be the first derivative of -m**2 + 18*m - 4. Let v be y(-15). Suppose -7*n + n + v = 0. What is the units digit of n?
8
Let c(j) = 3*j**2 + 7*j + 21. Let i be c(-8). Let w = 251 - i. Suppose 5 = 2*k - 3, -2*o + 4*k = -w. What is the units digit of o?
5
Let x(l) = -3*l**3 + 2*l**2 - 2*l + 1. Let a be x(-3). Let n = 179 + -113. Let z = a - n. What is the units digit of z?
0
Suppose 33*l - 76 = 31*l. Let f = l + 218. What is the hundreds digit of f?
2
Suppose 22 = -4*q + 2. Let f = 16 + q. What is the tens digit of f?
1
Let k be ((-2)/4)/((-7)/56). What is the tens digit of (2/k)/((-4)/(-272))?
3
Let r be ((4 - 8) + 5)/((-1)/(-536)). What is the tens digit of (r/12)/(4/6)?
6
Let m(v) = 3*v**3 - 3*v**2 + v + 1. Let g be m(1). Let l be 1*g - (30 - 19). Let j = 13 - l. What is the tens digit of j?
2
Let g(z) = -98*z**3 - 2*z + 1. Let q be g(1). Let s = q - -164. What is the tens digit of s?
6
Let j be (236/(-12))/(6/(-36)). Let p = j - 76. What is the units digit of p?
2
Suppose 4*j + 12 = 24. What is the units digit of (2 - -4)*5/j?
0
Suppose -3*d + p = -8 - 6, -p = 2. Suppose -3*c = -0*c + 48. What is the units digit of d/c - (-106)/8?
3
What is the hundreds digit of ((-24)/72)/((-1)/(-4))*-861?
1
Suppose 4*z - 1528 = 3*x, -4*x - 110 = -2*z + 644. What is the tens digit of z?
8
Let f(n) = -155*n + 1. Let p be f(-1). Suppose -3*c - w = -222, -w - w - p = -2*c. What is the units digit of c?
5
Suppose 2*x - o = -2*x + 55, 0 = 2*o + 6. Suppose -341 = x*v - 1914. What is the units digit of v?
1
Let q be (-2 + (-7)/(-3))/(1/3). Let j(h) = 24*h - 4. What is the tens digit of j(q)?
2
Let g(r) = -2*r - 13. Let u be g(0). Let k(h) = -h**3 - 14*h**2 - 14*h + 12. What is the units digit of k(u)?
5
What is the units digit of (4/(-3) + 31120/(-24))/(-2)?
9
Suppose 0 = -3*j - 2*x + 615, -581 + 179 = -2*j - 4*x. Let z = 174 - 42. Let g = j - z. What is the units digit of g?
5
Let f(g) = 15*g. Let n be f(4). Suppose -i + 94 = 74. Let q = n - i. What is the units digit of q?
0
Suppose -1428 = 12*g - 14880. What is the units digit of g?
1
Let u = 1195 - 0. What is the tens digit of u?
9
Let n be (-10)/15 - (-292)/6. Suppose 4*f - 34 = -3*b, -2*f + n = 5*b - 4*f. What is the units digit of b?
0
Let k(d) = -d**2 + 8*d. Let x be k(6). Suppose 0 = -16*g + 15*g + x. What is the units digit of g?
2
Suppose -z + 2*s = -8 + 4, 3*s = z - 5. Let f(a) = 4*a**2 + 2*a**2 + 5 - 6*a - 2*a**2 - 2*a**z. What is the tens digit of f(5)?
2
Let o = -22 - -29. Let s be 1/o - (-52)/28. Suppose -s*k = 1 - 3. What is the units digit of k?
1
Let u be 38/(-10) - (-1)/(-5). Let z = 74 - 52. Let b = u + z. What is the tens digit of b?
1
Let u(j) = 182*j**2 - 3*j. Let m be u(-1). Let q = -130 + m. What is the units digit of q?
5
Let f(o) = -o**3 + 20*o**2 + 23*o - 42. Let h be f(21). Suppose -p = 2*i - 134, h*i - 263 = -2*p + i. What is the units digit of p?
2
Suppose -11*d = -16*d + 1330. Suppose -3*a + 271 = r, 3*a + 4*r = 2*r + d. What is the tens digit of a?
9
Let i(j) = -j**3 - j + 4. Let r be 0 + 1 + (0 - 1). Let x be i(r). Suppose 0 = 2*z + x*p - 106, 4*z = -4*p + 184 + 20. What is the tens digit of z?
4
Let p(n) = n + 2. Suppose 25 = 5*q, 2*y - 29 = -y + 2*q. Let s = y - 2. What is the units digit of p(s)?
3
Let v(l) be the third derivative of l**4/12 - 7*l**3/6 + 7*l**2. Let b be v(6). Suppose -b*w = -2*w - 12. What is the units digit of w?
4
Let t(d) = 4*d**2 - 24*d + 679. What is the hundreds digit of t(0)?
6
Suppose 10*w - 5*w - 715 = 0. Suppose r - 3*t - 46 = 27, -2*r + 5*t + w = 0. What is the tens digit of r?
6
Let y be (-4)/(-28) + 4/(-28). Let t(d) = -3*d. Let m be t(-5). Let a = y + m. What is the units digit of a?
5
Suppose 2 = -a - 3, -5*z + 4*a = -95. Suppose q = -2*w + 7, -3*w + z = -3*q - 0*q. Suppose 2*r + w = 10. What is the units digit of r?
3
Let i(o) = -o**3 + 16*o**2 - 15*o + 3. Let l be i(15). Let y be l*740/12 + 0. Suppose -y - 5 = -5*r. What is the units digit of r?
8
Let j = 13 - 9. Suppose -227 = -2*n - 7*z + 2*z, 3*z = -9. Suppose 0*o + 3*o + j*l - n = 0, -o = -2*l - 57. What is the tens digit of o?
4
Suppose 0 = -2*i - n + 5, -3*i + 27 = 4*n + 7. Suppose 5*v + 2*z - 61 = i, -2*v + 5*v - z - 30 = 0. What is the units digit of v?
1
Let